{"id":14,"date":"2021-12-12T23:01:54","date_gmt":"2021-12-12T22:01:54","guid":{"rendered":"http:\/\/www.phmprods.com\/prod\/?page_id=14"},"modified":"2025-04-17T14:48:46","modified_gmt":"2025-04-17T12:48:46","slug":"accueil","status":"publish","type":"page","link":"https:\/\/www.phmprods.com\/prod\/","title":{"rendered":"Accueil"},"content":{"rendered":"\r\n<p>Bienvenue sur PHM PRODS<\/p>\r\n<p><strong>Mon action&#8230; raconter votre m\u00e9tier, votre passion, votre histoire !<\/strong><\/p>\r\n\r\n\r\n\r\n<p>Venez d\u00e9couvrir ma soci\u00e9t\u00e9 et tous les services que je peux vous proposer.<\/p>\r\n<p>Personnaliser vos clips, vid\u00e9os, documentaires, teasers avec des arrangements musicaux, de la captation a\u00e9rienne et terrestre en qualit\u00e9 4K.<\/p>\r\n<p>Pour me contacter, rendez-vous sur la page\u00a0 <a href=\"http:\/\/www.phmprods.com\/prod\/contact\/\">Contact<\/a>.<\/p>\r\n","protected":false},"excerpt":{"rendered":"<p>Bienvenue sur PHM PRODS Mon action&#8230; raconter votre m\u00e9tier, votre passion, votre histoire ! Venez d\u00e9couvrir ma soci\u00e9t\u00e9 et tous les services que je peux vous proposer. Personnaliser vos clips, vid\u00e9os, documentaires, teasers avec des arrangements musicaux, de la captation a\u00e9rienne et terrestre en qualit\u00e9 4K. Pour me contacter, rendez-vous sur la page\u00a0 Contact.<\/p>\n","protected":false},"author":1,"featured_media":0,"parent":0,"menu_order":0,"comment_status":"closed","ping_status":"closed","template":"","meta":[],"_links":{"self":[{"href":"https:\/\/www.phmprods.com\/prod\/wp-json\/wp\/v2\/pages\/14"}],"collection":[{"href":"https:\/\/www.phmprods.com\/prod\/wp-json\/wp\/v2\/pages"}],"about":[{"href":"https:\/\/www.phmprods.com\/prod\/wp-json\/wp\/v2\/types\/page"}],"author":[{"embeddable":true,"href":"https:\/\/www.phmprods.com\/prod\/wp-json\/wp\/v2\/users\/1"}],"replies":[{"embeddable":true,"href":"https:\/\/www.phmprods.com\/prod\/wp-json\/wp\/v2\/comments?post=14"}],"version-history":[{"count":16,"href":"https:\/\/www.phmprods.com\/prod\/wp-json\/wp\/v2\/pages\/14\/revisions"}],"predecessor-version":[{"id":463,"href":"https:\/\/www.phmprods.com\/prod\/wp-json\/wp\/v2\/pages\/14\/revisions\/463"}],"wp:attachment":[{"href":"https:\/\/www.phmprods.com\/prod\/wp-json\/wp\/v2\/media?parent=14"}],"curies":[{"name":"wp","href":"https:\/\/api.w.org\/{rel}","templated":true}]}}