{"id":108,"date":"2022-01-15T17:30:11","date_gmt":"2022-01-15T16:30:11","guid":{"rendered":"http:\/\/www.phmprods.com\/prod\/?page_id=108"},"modified":"2022-05-05T17:58:11","modified_gmt":"2022-05-05T15:58:11","slug":"tournage","status":"publish","type":"page","link":"https:\/\/www.phmprods.com\/prod\/tournage\/","title":{"rendered":"Les \u00e9tapes du tournage"},"content":{"rendered":"<p>Pour r\u00e9aliser une bonne captation et obtenir un travail de qualit\u00e9, diff\u00e9rentes \u00e9tapes seront n\u00e9cessaires :<\/p>\n<h1>Le storyboard ou d\u00e9coupage technique<\/h1>\n<ul>\n<li>Apr\u00e8s avoir d\u00e9fini ensemble le type de visuel pour votre projet, nous vous proposerons <strong>un storyboard <\/strong>. Document synth\u00e9tisant l&#8217;histoire, les personnages, le texte, le timing, les effets, la musique.<\/li>\n<\/ul>\n<p><a href=\"http:\/\/www.phmprods.com\/prod\/wp-content\/uploads\/2022\/04\/storyboard.png\"><img loading=\"lazy\" class=\"alignnone size-full wp-image-315\" src=\"http:\/\/www.phmprods.com\/prod\/wp-content\/uploads\/2022\/04\/storyboard.png\" alt=\"\" width=\"939\" height=\"703\" \/><\/a><\/p>\n<h1>La planification<\/h1>\n<ul>\n<li>Nous \u00e9tablirons ensuite un<strong> planning<\/strong> pour informer toutes les personnes concern\u00e9es, du d\u00e9roulement du tournage. En effet la captation des plans ne suit pas forcement le d\u00e9roulement des s\u00e9quences.<\/li>\n<\/ul>\n<p><a href=\"http:\/\/www.phmprods.com\/prod\/wp-content\/uploads\/2022\/04\/planification.png\"><img loading=\"lazy\" class=\"alignnone size-full wp-image-316\" src=\"http:\/\/www.phmprods.com\/prod\/wp-content\/uploads\/2022\/04\/planification.png\" alt=\"\" width=\"1106\" height=\"682\" srcset=\"https:\/\/www.phmprods.com\/prod\/wp-content\/uploads\/2022\/04\/planification.png 1106w, https:\/\/www.phmprods.com\/prod\/wp-content\/uploads\/2022\/04\/planification-300x185.png 300w, https:\/\/www.phmprods.com\/prod\/wp-content\/uploads\/2022\/04\/planification-1024x631.png 1024w, https:\/\/www.phmprods.com\/prod\/wp-content\/uploads\/2022\/04\/planification-768x474.png 768w\" sizes=\"(max-width: 767px) 89vw, (max-width: 1000px) 54vw, (max-width: 1071px) 543px, 580px\" \/><\/a><\/p>\n<h1>Les demandes d&#8217;autorisations<\/h1>\n<ul>\n<li>Avant m\u00eame d&#8217;allumer les cam\u00e9ras, toutes les demandes d&#8217;autorisations (Droit \u00e0 l&#8217;image, droit parental, propri\u00e9taire, territoriale, pr\u00e9fectorale&#8230;) devront <strong>\u00eatre faites et pr\u00e9sentes<\/strong> sur le lieu de tournage.<\/li>\n<\/ul>\n<h1>Les \u00e9quipes<\/h1>\n<ul>\n<li>Une r\u00e9union\u00a0 pr\u00e9alable sera organis\u00e9e pour que chaque membre de l&#8217;\u00e9quipe ait l&#8217;ensemble des informations du tournage. Sa composition d\u00e9pendra du choix du projet, du lieu de la captation et des moyens utilis\u00e9s.<\/li>\n<\/ul>\n<div style=\"width: 525px;\" class=\"wp-video\"><!--[if lt IE 9]><script>document.createElement('video');<\/script><![endif]-->\n<video class=\"wp-video-shortcode\" id=\"video-108-1\" width=\"525\" height=\"420\" preload=\"metadata\" controls=\"controls\"><source type=\"video\/mp4\" src=\"http:\/\/www.phmprods.com\/prod\/wp-content\/uploads\/2022\/04\/Equipe.mp4?_=1\" \/><a href=\"http:\/\/www.phmprods.com\/prod\/wp-content\/uploads\/2022\/04\/Equipe.mp4\">http:\/\/www.phmprods.com\/prod\/wp-content\/uploads\/2022\/04\/Equipe.mp4<\/a><\/video><\/div>\n<h1>Le tournage\u00a0 \u00a0<strong> \u00a0<\/strong><\/h1>\n<p><strong>&#8220;SILENCE&#8230;MOTEUR&#8230;ACTION&#8221;<\/strong><\/p>\n<p>Chaque plan doit correspondre au storyboard et \u00eatre valid\u00e9 pour ensuite\u00a0 permettre\u00a0 \u00a0<strong><a href=\"https:\/\/www.phmprods.com\/prod\/tournage-le-deroulement\/\">les \u00e9tapes du montage<\/a><\/strong><\/p>\n<p>&nbsp;<\/p>\n","protected":false},"excerpt":{"rendered":"<p>Pour r\u00e9aliser une bonne captation et obtenir un travail de qualit\u00e9, diff\u00e9rentes \u00e9tapes seront n\u00e9cessaires : Le storyboard ou d\u00e9coupage technique Apr\u00e8s avoir d\u00e9fini ensemble le type de visuel pour votre projet, nous vous proposerons un storyboard . Document synth\u00e9tisant l&#8217;histoire, les personnages, le texte, le timing, les effets, la musique. La planification Nous \u00e9tablirons &hellip; <\/p>\n<p class=\"link-more\"><a href=\"https:\/\/www.phmprods.com\/prod\/tournage\/\" class=\"more-link\">Continue reading<span class=\"screen-reader-text\"> &#8220;Les \u00e9tapes du tournage&#8221;<\/span><\/a><\/p>\n","protected":false},"author":1,"featured_media":0,"parent":0,"menu_order":0,"comment_status":"closed","ping_status":"closed","template":"","meta":[],"_links":{"self":[{"href":"https:\/\/www.phmprods.com\/prod\/wp-json\/wp\/v2\/pages\/108"}],"collection":[{"href":"https:\/\/www.phmprods.com\/prod\/wp-json\/wp\/v2\/pages"}],"about":[{"href":"https:\/\/www.phmprods.com\/prod\/wp-json\/wp\/v2\/types\/page"}],"author":[{"embeddable":true,"href":"https:\/\/www.phmprods.com\/prod\/wp-json\/wp\/v2\/users\/1"}],"replies":[{"embeddable":true,"href":"https:\/\/www.phmprods.com\/prod\/wp-json\/wp\/v2\/comments?post=108"}],"version-history":[{"count":18,"href":"https:\/\/www.phmprods.com\/prod\/wp-json\/wp\/v2\/pages\/108\/revisions"}],"predecessor-version":[{"id":452,"href":"https:\/\/www.phmprods.com\/prod\/wp-json\/wp\/v2\/pages\/108\/revisions\/452"}],"wp:attachment":[{"href":"https:\/\/www.phmprods.com\/prod\/wp-json\/wp\/v2\/media?parent=108"}],"curies":[{"name":"wp","href":"https:\/\/api.w.org\/{rel}","templated":true}]}}